867 and 7463034?
51
What is the greatest common factor of 10682 and 471098?
218
Calculate the highest common divisor of 448130 and 1435.
205
Calculate the greatest common factor of 3940 and 3128380.
20
What is the greatest common factor of 682 and 830369782?
682
What is the highest common factor of 6066 and 13999654?
674
Calculate the greatest common factor of 6 and 1313061.
3
Calculate the greatest common factor of 351920 and 431185.
415
What is the highest common factor of 264 and 6966795?
33
Calculate the highest common factor of 18134424 and 3388.
308
Calculate the highest common divisor of 3818 and 220258511.
1909
Calculate the greatest common factor of 1818889 and 247.
19
What is the highest common divisor of 5459 and 7903499?
103
Calculate the greatest common divisor of 984780 and 12510.
90
What is the highest common factor of 27202850 and 191350?
4450
What is the greatest common factor of 1969137 and 567?
27
What is the highest common divisor of 1648201 and 25704?
17
Calculate the highest common divisor of 1487553 and 2.
1
What is the highest common divisor of 334 and 268098?
2
What is the highest common factor of 510 and 351407136?
102
What is the highest common factor of 738936 and 81576?
792
What is the highest common factor of 242220434 and 1662?
554
What is the highest common factor of 1070030 and 9408033?
8231
What is the greatest common factor of 33425 and 37505?
5
Calculate the greatest common factor of 8271 and 13883.
1
Calculate the highest common divisor of 8924 and 40436875.
2231
What is the highest common factor of 45474 and 2882352?
3498
Calculate the highest common factor of 49895925 and 100.
25
Calculate the greatest common divisor of 430013137 and 681.
227
What is the greatest common divisor of 3063468 and 408?
204
Calculate the highest common divisor of 1140 and 11225200.
380
Calculate the highest common factor of 31471335 and 22015.
595
Calculate the greatest common divisor of 122980 and 741793.
559
What is the highest common divisor of 1035 and 1937745?
45
Calculate the highest common divisor of 3700 and 782885.
5
Calculate the highest common factor of 74365 and 804640.
535
Calculate the highest common divisor of 8927425 and 650.
325
What is the highest common factor of 5119943 and 107619?
1237
Calculate the greatest common divisor of 23595 and 18062880.
1815
Calculate the greatest common divisor of 72 and 1289560.
8
Calculate the greatest common divisor of 25688260 and 4316.
52
Calculate the greatest common divisor of 22489 and 736384.
523
Calculate the highest common divisor of 9710439 and 3243.
69
Calculate the greatest common divisor of 20687 and 496337.
151
What is the highest common divisor of 51681 and 20608?
161
What is the greatest common divisor of 722503482 and 479?
479
Calculate the highest common divisor of 26723553 and 201.
201
What is the greatest common divisor of 104158808 and 208?
104
What is the greatest common factor of 167 and 1369?
1
What is the greatest common factor of 457030677 and 227?
227
What is the highest common factor of 183 and 13942099?
61
Calculate the greatest common factor of 1159755496 and 368.
184
Calculate the greatest common divisor of 630874332 and 12.
12
What is the highest common divisor of 14830 and 196203866?
2966
What is the greatest common divisor of 32425776 and 17928?
5976
Calculate the highest common divisor of 1935416 and 272.
136
Calculate the highest common factor of 6848 and 14105596.
428
What is the highest common divisor of 695182254 and 2418?
2418
What is the greatest common divisor of 1138 and 53458?
2
What is the greatest common factor of 76448729 and 7?
7
Calculate the greatest common factor of 2716 and 3351350.
194
Calculate the highest common divisor of 57545460 and 70.
70
What is the greatest common divisor of 17947106 and 18494?
2642
What is the highest common factor of 542438592 and 771?
771
Calculate the greatest common factor of 3092 and 151109132.
3092
Calculate the greatest common factor of 5467014 and 1323.
189
Calculate the greatest common divisor of 5062 and 682646134.
5062
Calculate the highest common factor of 1942710 and 30030.
2310
What is the greatest common factor of 16624200 and 37122?
1614
What is the highest common divisor of 2674200 and 1800?
600
What is the highest common divisor of 318 and 15320657?
53
What is the greatest common factor of 14519561 and 658?
7
Calculate the highest common factor of 6877 and 90607465.
299
Calculate the greatest common factor of 3592576 and 22984.
1768
What is the greatest common factor of 12535 and 59860?
5
Calculate the greatest common divisor of 505122 and 5862.
6
What is the greatest common divisor of 39456421 and 1774?
887
Calculate the greatest common divisor of 762 and 58406538.
762
Calculate the highest common divisor of 14216 and 18034773.
1777
Calculate the highest common factor of 15587 and 5696449.
1199
Calculate the greatest common factor of 4590200 and 275.
25
What is the greatest common factor of 49677570 and 137?
137
What is the highest common divisor of 165005 and 11086713?
541
Calculate the greatest common divisor of 721924 and 2478.
826
What is the highest common factor of 22095 and 672188820?
7365
Calculate the greatest common factor of 5069 and 125492.
137
What is the greatest common factor of 8736 and 30807504?
4368
What is the highest common divisor of 1283260 and 63242?
614
What is the highest common factor of 16077 and 129896801?
5359
Calculate the greatest common divisor of 374 and 2082872.
22
Calculate the highest common divisor of 73568 and 965504.
608
What is the greatest common factor of 98578110 and 196095?
11535
What is the highest common factor of 5186 and 1584323?
2593
What is the highest common divisor of 33 and 4022293?
11
Calculate the highest common divisor of 30758705 and 16675.
3335
Calculate the highest common factor of 199548 and 13018.
46
Calculate the highest common divisor of 12125733 and 2353.
181
Calculate the greatest common factor of 24392298 and 98.
98
What is the highest common divisor of 8708262 and 1846326?
14538
What is the highest common divisor of 18947515 and 44165?
365
Calculate the highest common divisor of 44022160 and 13.
13
What is the highest common divisor of 1425 and 26873277?
57
Calculate the highest common divisor of 142256192 and 13832.
1976
What is the greatest common divisor of 486080 and 80361920?
9920
What is the greatest common divisor of 9 and 49687632?
9
What is the greatest common factor of 22 and 1553563?
11
What is the greatest common factor of 1 and 2136456?
1
What is the greatest common divisor of 1365 and 3603145?
455
Calculate the highest common divisor of 428 and 12948391.
107
What is the highest common factor of 346976000 and 6720?
2240
What is the highest common divisor of 188627 and 156986?
53
What is the greatest common divisor of 471154 and 236?
2
What is the greatest common factor of 56112 and 243600?
336
Calculate the highest common factor of 208 and 679055.
13
What is the greatest common factor of 2425060 and 382520?
1460
Calculate the greatest common divisor of 108 and 2995839.
27
What is the greatest common factor of 2480343 and 101559?
1047
Calculate the highest common divisor of 11835 and 60227.
263
Calculate the greatest common divisor of 705374 and 198914.
734
What is the greatest common divisor of 133080 and 256920?
120
What is the greatest common factor of 28 and 182490049?
7
What is the highest common factor of 196295 and 275?
55
What is the highest common divisor of 1886832 and 1812?
12
What is the greatest common divisor of 5396274 and 2574?
234
Calculate the greatest common divisor of 44 and 17969116.
44
What is the highest common factor of 5038492 and 1059859?
5549
Calculate the highest common divisor of 31395 and 174552.
21
What is the greatest common divisor of 194396715 and 543?
543
What is the highest common divisor of 3930448309 and 151?
151
Calculate the highest common factor of 52077402 and 234.
234
Calculate the greatest common divisor of 10757978 and 20328.
154
Calculate the greatest common divisor of 2234611 and 92.
23
What is the greatest common divisor of 246 and 21327380?
82
What is the highest common factor of 42 and 86357222?
14
What is the greatest common divisor of 688 and 9036?
